{"id":121,"date":"2013-01-28T23:24:42","date_gmt":"2013-01-28T22:24:42","guid":{"rendered":"https:\/\/campquest.ch\/lager\/team\/"},"modified":"2014-05-21T22:16:15","modified_gmt":"2014-05-21T20:16:15","slug":"team","status":"publish","type":"page","link":"https:\/\/campquest.ch\/en\/campquest2015\/camp-quest-201\/team\/","title":{"rendered":"Das Team 2013"},"content":{"rendered":"<p>&nbsp;<\/p>\n<p><img loading=\"lazy\" decoding=\"async\" class=\" wp-image-426 alignnone\" title=\"Valentin Abgottspon\" alt=\"Valentin Abgottspon\" src=\"https:\/\/campquest.ch\/wp-content\/uploads\/2013\/03\/abgottsponportrait.jpg\" width=\"171\" height=\"243\" \/>\u00a0\u00a0<img loading=\"lazy\" decoding=\"async\" class=\"alignnone  wp-image-425\" title=\"Simone Michel\" alt=\"Simone Michel\" src=\"https:\/\/campquest.ch\/wp-content\/uploads\/2013\/03\/Simone-Michel-211x300.jpg\" width=\"171\" height=\"243\" srcset=\"https:\/\/campquest.ch\/wp-content\/uploads\/2013\/03\/Simone-Michel-211x300.jpg 211w, https:\/\/campquest.ch\/wp-content\/uploads\/2013\/03\/Simone-Michel.jpg 219w\" sizes=\"auto, (max-width: 171px) 100vw, 171px\" \/>\u00a0\u00a0<img loading=\"lazy\" decoding=\"async\" class=\"alignnone  wp-image-637\" title=\"Andreas Kyriacou\" alt=\"Andreas Kyriacou\" src=\"https:\/\/campquest.ch\/wp-content\/uploads\/2013\/01\/Camp-Quest-20131-211x300.jpg\" width=\"171\" height=\"243\" srcset=\"https:\/\/campquest.ch\/wp-content\/uploads\/2013\/01\/Camp-Quest-20131-211x300.jpg 211w, https:\/\/campquest.ch\/wp-content\/uploads\/2013\/01\/Camp-Quest-20131.jpg 219w\" sizes=\"auto, (max-width: 171px) 100vw, 171px\" \/><\/p>\n<p><strong>Valentin Abgottspon<\/strong>\u00a0ist Germanist und arbeitet an der\u00a0<a href=\"http:\/\/www.schule-aletsch.ch\/orientierungsschule\/\" target=\"_blank\">Orientierungsschule Aletsch<\/a>\u00a0in M\u00f6rel-Filet (VS) als Sekundarlehrer. Er ist zudem Mitglied des Zentralvorstands der Freidenker-Vereinigung der Schweiz.<\/p>\n<p><strong>Simone Michel<\/strong> ist Umweltnaturwissenschafterin\u00a0ETH und f\u00fcr die <a href=\"http:\/\/rucksackschule.ch\/wb\/\" target=\"_blank\">Rucksackschule<\/a> t\u00e4tig, die sich darauf spezialisiert hat, die Natur f\u00fcr Kinder, Jugendliche und Erwachsene erlebbar zu machen.<\/p>\n<p><strong>Andreas Kyriacou ist<\/strong>\u00a0Neuropsychologe und <a href=\"http:\/\/www.serendipities.ch\/\" target=\"_blank\">Berater f\u00fcr Wissensmanagement<\/a>. Er ist Initiant des Camp Quest Schweiz und des\u00a0Wissensfestivals Denkfest.<\/p>\n<hr \/>\n<p><a href=\"https:\/\/campquest.ch\/wp-content\/uploads\/2013\/01\/Dany-Stich.jpg\"><img loading=\"lazy\" decoding=\"async\" class=\"size-full wp-image-685 alignnone\" title=\"Dany Stich\" alt=\"Dany Stich\" src=\"https:\/\/campquest.ch\/wp-content\/uploads\/2013\/01\/Dany-Stich.jpg\" width=\"171\" height=\"243\" \/><\/a> <a href=\"https:\/\/campquest.ch\/wp-content\/uploads\/2013\/01\/Barbara-Jost.jpg\"><img loading=\"lazy\" decoding=\"async\" class=\"alignnone size-full wp-image-684\" alt=\"Barbara Jost\" src=\"https:\/\/campquest.ch\/wp-content\/uploads\/2013\/01\/Barbara-Jost.jpg\" width=\"171\" height=\"243\" \/><\/a> <a href=\"https:\/\/campquest.ch\/wp-content\/uploads\/2013\/01\/Stephan-Odermatt.jpg\"><img loading=\"lazy\" decoding=\"async\" class=\"alignnone size-full wp-image-683\" alt=\"Stephan Odermatt\" src=\"https:\/\/campquest.ch\/wp-content\/uploads\/2013\/01\/Stephan-Odermatt.jpg\" width=\"171\" height=\"243\" \/><\/a><\/p>\n<p><strong><strong>Daniel Stich<\/strong> <\/strong>ist ausgebildeter Mittellehrer (arbeitet aber seit \u00a030 Jahren in der Informatik). <strong>Barbara Jost<\/strong> ist Biomedizinische Analytikerin (BMA) und Fachdozentin SVEB1 und unterrichtet nebenamtlich im Bereich Medizinisches Labor. Sie beide werden am Dienstag aufzeigen, wie man mit Hilfe eines Mikroskops seine eigene Blutgruppe bestimmen kann.<\/p>\n<p><strong>Stephan Odermatt<\/strong> ist ist <a href=\"http:\/\/www.rfk.ch\" target=\"_blank\">Neurofeedback Trainer<\/a> und Vizepr\u00e4sident des Berufsverbands Neurofeedback Verband Schweiz NFS. Er wird am Freitagmorgen zeigen, wie man mit seinen Gedanken ein Game steuern kann.<\/p>\n<hr \/>\n<p><img loading=\"lazy\" decoding=\"async\" class=\" wp-image-634 alignnone\" title=\"Sasha Sidler\" alt=\"Sasha Sidler\" src=\"https:\/\/campquest.ch\/wp-content\/uploads\/2013\/01\/Sasha-Sidler.jpg\" width=\"171\" height=\"243\" srcset=\"https:\/\/campquest.ch\/wp-content\/uploads\/2013\/01\/Sasha-Sidler.jpg 219w, https:\/\/campquest.ch\/wp-content\/uploads\/2013\/01\/Sasha-Sidler-211x300.jpg 211w\" sizes=\"auto, (max-width: 171px) 100vw, 171px\" \/>\u00a0<img loading=\"lazy\" decoding=\"async\" class=\"alignnone  wp-image-636\" style=\"color: #333333; font-style: normal;\" title=\"Gaby Salvisberg\" alt=\"Gaby Salvisberg\" src=\"https:\/\/campquest.ch\/wp-content\/uploads\/2013\/04\/GabrielaSalvisberg1.jpg\" width=\"171\" height=\"243\" \/>\u00a0<img loading=\"lazy\" decoding=\"async\" class=\"alignnone  wp-image-635\" title=\"Christian Burger\" alt=\"Christian Burger\" src=\"https:\/\/campquest.ch\/wp-content\/uploads\/2013\/01\/Christian-Burger.jpg\" width=\"171\" height=\"243\" srcset=\"https:\/\/campquest.ch\/wp-content\/uploads\/2013\/01\/Christian-Burger.jpg 219w, https:\/\/campquest.ch\/wp-content\/uploads\/2013\/01\/Christian-Burger-211x300.jpg 211w\" sizes=\"auto, (max-width: 171px) 100vw, 171px\" \/><\/p>\n<p>Die Primarlehrerin <strong>Sasha Sidler<\/strong> war schon in mehreren Lagern als Leiterin dabei. Sie ist begeisterte Hobbyk\u00f6chin und deshalb im Camp Quest f\u00fcr die Verpflegung zust\u00e4ndig. Sie wird unterst\u00fctzt von:<\/p>\n<p><strong>Gaby Salvisberg<\/strong>\u00a0ist Vorstandsmitglied der Z\u00fcrcher FreidenkerInnen und wird besonders die Verpflegungsabteilung des Teams erg\u00e4nzen. Im Berufsalltag ist sie als Redaktorin und Community Manager f\u00fcr eine Schweizer Computerzeitschrift t\u00e4tig.<\/p>\n<p><strong>Christian Burger<\/strong> ist Vorstands- und Gr\u00fcndungsmitglied der Skeptiker Schweiz. Er wird am Camp Quest ebenfalls in der K\u00fcche mithelfen. Beruflich ist er als selbst\u00e4ndiger Projektleiter f\u00fcr Computersicherheit t\u00e4tig.<\/p>\n","protected":false},"excerpt":{"rendered":"<p>&nbsp; \u00a0\u00a0\u00a0\u00a0 Valentin Abgottspon\u00a0ist Germanist und arbeitet an der\u00a0Orientierungsschule Aletsch\u00a0in M\u00f6rel-Filet (VS) als Sekundarlehrer. Er ist zudem Mitglied des Zentralvorstands der Freidenker-Vereinigung der Schweiz. Simone Michel ist Umweltnaturwissenschafterin\u00a0ETH und f\u00fcr die Rucksackschule t\u00e4tig, die sich darauf spezialisiert hat, die Natur f\u00fcr Kinder, Jugendliche und Erwachsene erlebbar zu machen. Andreas Kyriacou [&hellip;]<\/p>\n","protected":false},"author":2,"featured_media":0,"parent":815,"menu_order":0,"comment_status":"closed","ping_status":"closed","template":"sidebar-page.php","meta":{"footnotes":""},"class_list":["post-121","page","type-page","status-publish","hentry"],"_links":{"self":[{"href":"https:\/\/campquest.ch\/en\/wp-json\/wp\/v2\/pages\/121","targetHints":{"allow":["GET"]}}],"collection":[{"href":"https:\/\/campquest.ch\/en\/wp-json\/wp\/v2\/pages"}],"about":[{"href":"https:\/\/campquest.ch\/en\/wp-json\/wp\/v2\/types\/page"}],"author":[{"embeddable":true,"href":"https:\/\/campquest.ch\/en\/wp-json\/wp\/v2\/users\/2"}],"replies":[{"embeddable":true,"href":"https:\/\/campquest.ch\/en\/wp-json\/wp\/v2\/comments?post=121"}],"version-history":[{"count":32,"href":"https:\/\/campquest.ch\/en\/wp-json\/wp\/v2\/pages\/121\/revisions"}],"predecessor-version":[{"id":399,"href":"https:\/\/campquest.ch\/en\/wp-json\/wp\/v2\/pages\/121\/revisions\/399"}],"up":[{"embeddable":true,"href":"https:\/\/campquest.ch\/en\/wp-json\/wp\/v2\/pages\/815"}],"wp:attachment":[{"href":"https:\/\/campquest.ch\/en\/wp-json\/wp\/v2\/media?parent=121"}],"curies":[{"name":"wp","href":"https:\/\/api.w.org\/{rel}","templated":true}]}}

<p>&nbsp;</p>
<p><img loading="lazy" decoding="async" class=" wp-image-426 alignnone" title="Valentin Abgottspon" alt="Valentin Abgottspon" src="https://campquest.ch/wp-content/uploads/2013/03/abgottsponportrait.jpg" width="171" height="243" />  <img loading="lazy" decoding="async" class="alignnone  wp-image-425" title="Simone Michel" alt="Simone Michel" src="https://campquest.ch/wp-content/uploads/2013/03/Simone-Michel-211x300.jpg" width="171" height="243" srcset="https://campquest.ch/wp-content/uploads/2013/03/Simone-Michel-211x300.jpg 211w, https://campquest.ch/wp-content/uploads/2013/03/Simone-Michel.jpg 219w" sizes="auto, (max-width: 171px) 100vw, 171px" />  <img loading="lazy" decoding="async" class="alignnone  wp-image-637" title="Andreas Kyriacou" alt="Andreas Kyriacou" src="https://campquest.ch/wp-content/uploads/2013/01/Camp-Quest-20131-211x300.jpg" width="171" height="243" srcset="https://campquest.ch/wp-content/uploads/2013/01/Camp-Quest-20131-211x300.jpg 211w, https://campquest.ch/wp-content/uploads/2013/01/Camp-Quest-20131.jpg 219w" sizes="auto, (max-width: 171px) 100vw, 171px" /></p>
<p><strong>Valentin Abgottspon</strong> ist Germanist und arbeitet an der <a href="http://www.schule-aletsch.ch/orientierungsschule/" target="_blank">Orientierungsschule Aletsch</a> in Mörel-Filet (VS) als Sekundarlehrer. Er ist zudem Mitglied des Zentralvorstands der Freidenker-Vereinigung der Schweiz.</p>
<p><strong>Simone Michel</strong> ist Umweltnaturwissenschafterin ETH und für die <a href="http://rucksackschule.ch/wb/" target="_blank">Rucksackschule</a> tätig, die sich darauf spezialisiert hat, die Natur für Kinder, Jugendliche und Erwachsene erlebbar zu machen.</p>
<p><strong>Andreas Kyriacou ist</strong> Neuropsychologe und <a href="http://www.serendipities.ch/" target="_blank">Berater für Wissensmanagement</a>. Er ist Initiant des Camp Quest Schweiz und des Wissensfestivals Denkfest.</p>
<hr />
<p><a href="https://campquest.ch/wp-content/uploads/2013/01/Dany-Stich.jpg"><img loading="lazy" decoding="async" class="size-full wp-image-685 alignnone" title="Dany Stich" alt="Dany Stich" src="https://campquest.ch/wp-content/uploads/2013/01/Dany-Stich.jpg" width="171" height="243" /></a> <a href="https://campquest.ch/wp-content/uploads/2013/01/Barbara-Jost.jpg"><img loading="lazy" decoding="async" class="alignnone size-full wp-image-684" alt="Barbara Jost" src="https://campquest.ch/wp-content/uploads/2013/01/Barbara-Jost.jpg" width="171" height="243" /></a> <a href="https://campquest.ch/wp-content/uploads/2013/01/Stephan-Odermatt.jpg"><img loading="lazy" decoding="async" class="alignnone size-full wp-image-683" alt="Stephan Odermatt" src="https://campquest.ch/wp-content/uploads/2013/01/Stephan-Odermatt.jpg" width="171" height="243" /></a></p>
<p><strong><strong>Daniel Stich</strong> </strong>ist ausgebildeter Mittellehrer (arbeitet aber seit  30 Jahren in der Informatik). <strong>Barbara Jost</strong> ist Biomedizinische Analytikerin (BMA) und Fachdozentin SVEB1 und unterrichtet nebenamtlich im Bereich Medizinisches Labor. Sie beide werden am Dienstag aufzeigen, wie man mit Hilfe eines Mikroskops seine eigene Blutgruppe bestimmen kann.</p>
<p><strong>Stephan Odermatt</strong> ist ist <a href="http://www.rfk.ch" target="_blank">Neurofeedback Trainer</a> und Vizepräsident des Berufsverbands Neurofeedback Verband Schweiz NFS. Er wird am Freitagmorgen zeigen, wie man mit seinen Gedanken ein Game steuern kann.</p>
<hr />
<p><img loading="lazy" decoding="async" class=" wp-image-634 alignnone" title="Sasha Sidler" alt="Sasha Sidler" src="https://campquest.ch/wp-content/uploads/2013/01/Sasha-Sidler.jpg" width="171" height="243" srcset="https://campquest.ch/wp-content/uploads/2013/01/Sasha-Sidler.jpg 219w, https://campquest.ch/wp-content/uploads/2013/01/Sasha-Sidler-211x300.jpg 211w" sizes="auto, (max-width: 171px) 100vw, 171px" /> <img loading="lazy" decoding="async" class="alignnone  wp-image-636" style="color: #333333; font-style: normal;" title="Gaby Salvisberg" alt="Gaby Salvisberg" src="https://campquest.ch/wp-content/uploads/2013/04/GabrielaSalvisberg1.jpg" width="171" height="243" /> <img loading="lazy" decoding="async" class="alignnone  wp-image-635" title="Christian Burger" alt="Christian Burger" src="https://campquest.ch/wp-content/uploads/2013/01/Christian-Burger.jpg" width="171" height="243" srcset="https://campquest.ch/wp-content/uploads/2013/01/Christian-Burger.jpg 219w, https://campquest.ch/wp-content/uploads/2013/01/Christian-Burger-211x300.jpg 211w" sizes="auto, (max-width: 171px) 100vw, 171px" /></p>
<p>Die Primarlehrerin <strong>Sasha Sidler</strong> war schon in mehreren Lagern als Leiterin dabei. Sie ist begeisterte Hobbyköchin und deshalb im Camp Quest für die Verpflegung zuständig. Sie wird unterstützt von:</p>
<p><strong>Gaby Salvisberg</strong> ist Vorstandsmitglied der Zürcher FreidenkerInnen und wird besonders die Verpflegungsabteilung des Teams ergänzen. Im Berufsalltag ist sie als Redaktorin und Community Manager für eine Schweizer Computerzeitschrift tätig.</p>
<p><strong>Christian Burger</strong> ist Vorstands- und Gründungsmitglied der Skeptiker Schweiz. Er wird am Camp Quest ebenfalls in der Küche mithelfen. Beruflich ist er als selbständiger Projektleiter für Computersicherheit tätig.</p>

<p>&nbsp;      Valentin Abgottspon ist Germanist und arbeitet an der Orientierungsschule Aletsch in Mörel-Filet (VS) als Sekundarlehrer. Er ist zudem Mitglied des Zentralvorstands der Freidenker-Vereinigung der Schweiz. Simone Michel ist Umweltnaturwissenschafterin ETH und für die Rucksackschule tätig, die sich darauf spezialisiert hat, die Natur für Kinder, Jugendliche und Erwachsene erlebbar zu machen. Andreas Kyriacou [&hellip;]</p>
